{"id":690,"date":"2021-04-06T16:27:52","date_gmt":"2021-04-06T16:27:52","guid":{"rendered":"https:\/\/alfas-ks.com\/?page_id=690"},"modified":"2021-04-06T16:44:46","modified_gmt":"2021-04-06T16:44:46","slug":"mbajtja-e-librave","status":"publish","type":"page","link":"https:\/\/alfas-ks.com\/index.php\/mbajtja-e-librave\/","title":{"rendered":"Mbajtja e librave"},"content":{"rendered":"<p>[vc_row full_width=&#8221;stretch_row&#8221; parallax=&#8221;content-moving&#8221; parallax_image=&#8221;54&#8243; css=&#8221;.vc_custom_1489225026310{padding-top: 128px !important;padding-bottom: 128px !important;}&#8221;][vc_column][vc_custom_heading text=&#8221;Mbajtja e librave&#8221; font_container=&#8221;tag:h1|text_align:center&#8221; use_theme_fonts=&#8221;yes&#8221; css=&#8221;.vc_custom_1617726538873{margin-bottom: 0px !important;}&#8221;][\/vc_column][\/vc_row][vc_row css=&#8221;.vc_custom_1488777218947{padding-top: 25px !important;padding-bottom: 60px !important;}&#8221;][vc_column][vc_column_text css=&#8221;.vc_custom_1617727477095{margin-top: 30px !important;}&#8221;]T\u00eb gjitha veprimtarit\u00eb ekonomike jan\u00eb t\u00eb obliguara t\u00eb mbajn\u00eb librat dhe regjistrimet konform legjislacionit tatimor.<\/p>\n<p>ALFAS mban librat dhe regjistrimet konform legjislacionit tatimor, sipas \u201cStandardeve Nd\u00ebrkomb\u00ebtare t\u00eb Kontabilitetit\u201d dhe \u201cStandardeve Nd\u00ebrkomb\u00ebtare t\u00eb Raportimit Financiar\u201d, n\u00eb m\u00ebnyr\u00eb q\u00eb t\u00eb mos b\u00ebheni objekt i nd\u00ebshkimeve.<\/p>\n<p>Vet\u00ebm tatimpaguesit, t\u00eb cil\u00ebt mbajn\u00eb dhe prezantojn\u00eb librat dhe regjistrimet n\u00eb harmoni me legjislacionin tatimor, nuk do t\u00eb b\u00ebhen objekt nd\u00ebshkimi nga ana e ATK-s\u00eb.<\/p>\n<p>Veprimtarit\u00eb ekonomike, t\u00eb cilat krijojn\u00eb dhe mbajn\u00eb dokumentacione jo n\u00eb rregull, si: shitje pa destinim-personave fizik\u00eb, blerjet nga personat fizik\u00eb, mos-dokumentimi dhe dokumentimi fiktiv, malli pa prejardhje-origjin\u00eb, fryrja e shpenzimeve, l\u00ebshimi i kupon\u00ebve fiskal nga distributor\u00ebt, n\u00ebnvler\u00ebsimi i \u00e7mimeve nga importi, mos-l\u00ebshimi i kupon\u00ebve fiskal, mbajtja e stoqeve dhe sakt\u00ebsia e tyre, dokumentimet tjera jo-reale, kreditimi dhe humbja e vazhdueshme, do t\u00eb jen\u00eb n\u00eb fokusin e ATK-s\u00eb, derisa t\u00eb arrihen objektivat p\u00ebr krijimin e nj\u00eb klime t\u00eb volitshme p\u00ebr t\u00eb gjitha bizneset.<\/p>\n<p>Kompanit\u00eb t\u00eb cil\u00ebt krijojn\u00eb dhe mbajn\u00eb dokumentacionin jo n\u00eb rregull \u00ebsht\u00eb i konsideruesh\u00ebm, i cili shkakton efekte negative n\u00eb aktivitetet biznesore, krijon klim\u00eb jo konkurruese dhe jo lojale p\u00ebr vet operimin e biznesit dhe nj\u00ebkoh\u00ebsisht krijon humbje p\u00ebr buxhetin e Kosov\u00ebs.[\/vc_column_text][\/vc_column][\/vc_row]<\/p>\n","protected":false},"excerpt":{"rendered":"<p>[vc_row full_width=&#8221;stretch_row&#8221; parallax=&#8221;content-moving&#8221; parallax_image=&#8221;54&#8243; css=&#8221;.vc_custom_1489225026310{padding-top: 128px !important;padding-bottom: 128px !important;}&#8221;][vc_column][vc_custom_heading text=&#8221;Mbajtja e librave&#8221; font_container=&#8221;tag:h1|text_align:center&#8221; use_theme_fonts=&#8221;yes&#8221; css=&#8221;.vc_custom_1617726538873{margin-bottom: 0px !important;}&#8221;][\/vc_column][\/vc_row][vc_row css=&#8221;.vc_custom_1488777218947{padding-top: 25px !important;padding-bottom: 60px !important;}&#8221;][vc_column][vc_column_text css=&#8221;.vc_custom_1617727477095{margin-top: 30px !important;}&#8221;]T\u00eb gjitha veprimtarit\u00eb ekonomike jan\u00eb t\u00eb obliguara t\u00eb mbajn\u00eb librat dhe regjistrimet konform legjislacionit tatimor. ALFAS mban librat dhe regjistrimet konform legjislacionit tatimor, sipas \u201cStandardeve Nd\u00ebrkomb\u00ebtare t\u00eb Kontabilitetit\u201d dhe \u201cStandardeve Nd\u00ebrkomb\u00ebtare [&hellip;]<\/p>\n","protected":false},"author":1,"featured_media":0,"parent":0,"menu_order":0,"comment_status":"closed","ping_status":"closed","template":"","meta":{"footnotes":""},"class_list":["post-690","page","type-page","status-publish","hentry"],"_links":{"self":[{"href":"https:\/\/alfas-ks.com\/index.php\/wp-json\/wp\/v2\/pages\/690","targetHints":{"allow":["GET"]}}],"collection":[{"href":"https:\/\/alfas-ks.com\/index.php\/wp-json\/wp\/v2\/pages"}],"about":[{"href":"https:\/\/alfas-ks.com\/index.php\/wp-json\/wp\/v2\/types\/page"}],"author":[{"embeddable":true,"href":"https:\/\/alfas-ks.com\/index.php\/wp-json\/wp\/v2\/users\/1"}],"replies":[{"embeddable":true,"href":"https:\/\/alfas-ks.com\/index.php\/wp-json\/wp\/v2\/comments?post=690"}],"version-history":[{"count":3,"href":"https:\/\/alfas-ks.com\/index.php\/wp-json\/wp\/v2\/pages\/690\/revisions"}],"predecessor-version":[{"id":712,"href":"https:\/\/alfas-ks.com\/index.php\/wp-json\/wp\/v2\/pages\/690\/revisions\/712"}],"wp:attachment":[{"href":"https:\/\/alfas-ks.com\/index.php\/wp-json\/wp\/v2\/media?parent=690"}],"curies":[{"name":"wp","href":"https:\/\/api.w.org\/{rel}","templated":true}]}}