{"id":694,"date":"2021-04-06T16:30:51","date_gmt":"2021-04-06T16:30:51","guid":{"rendered":"https:\/\/alfas-ks.com\/?page_id=694"},"modified":"2021-04-06T16:33:09","modified_gmt":"2021-04-06T16:33:09","slug":"auditimi","status":"publish","type":"page","link":"https:\/\/alfas-ks.com\/index.php\/auditimi\/","title":{"rendered":"Auditimi"},"content":{"rendered":"<p>[vc_row full_width=&#8221;stretch_row&#8221; parallax=&#8221;content-moving&#8221; parallax_image=&#8221;54&#8243; css=&#8221;.vc_custom_1489225026310{padding-top: 128px !important;padding-bottom: 128px !important;}&#8221;][vc_column][vc_custom_heading text=&#8221;Auditimi&#8221; font_container=&#8221;tag:h1|text_align:center&#8221; use_theme_fonts=&#8221;yes&#8221; css=&#8221;.vc_custom_1617726688598{margin-bottom: 0px !important;}&#8221;][\/vc_column][\/vc_row][vc_row css=&#8221;.vc_custom_1488777218947{padding-top: 25px !important;padding-bottom: 60px !important;}&#8221;][vc_column][vc_column_text css=&#8221;.vc_custom_1617726782172{margin-top: 30px !important;}&#8221;]N\u00ebnshkrimi i pasqyrave financiare<br \/>\nSI KLASIFIKOHEN ND\u00cbRMARRJET SIPAS LIGJIT T\u00cb RI P\u00cbR KONTABILITET, RAPORTIM FINANCIAR DHE AUDITIM?<\/p>\n<p>T\u00eb gjitha nd\u00ebrmarrjet n\u00eb Kosov\u00eb klasifikohen si nd\u00ebrmarrje mikro, t\u00eb vogla, t\u00eb mesme apo t\u00eb m\u00ebdha, n\u00ebse i plot\u00ebsojn\u00eb dy nga tre kriteret sipas tabel\u00ebs n\u00eb vijim:<br \/>\n&nbsp;<\/p>\n<table width=\"1110\" cellspacing=\"0\" cellpadding=\"8\">\n<tbody>\n<tr>\n<td width=\"321\"><\/td>\n<td width=\"126\">\n<p align=\"center\"><span style=\"font-family: Times New Roman, serif;\"><span style=\"font-size: small;\"><b>Mikro nd\u00ebrmarje<\/b><\/span><\/span><\/p>\n<\/td>\n<td width=\"206\">\n<p align=\"center\"><span style=\"font-family: Times New Roman, serif;\"><span style=\"font-size: small;\"><b>Nd\u00ebrmarje e vog\u00ebl<\/b><\/span><\/span><\/p>\n<\/td>\n<td width=\"224\">\n<p align=\"center\"><span style=\"font-family: Times New Roman, serif;\"><span style=\"font-size: small;\"><b>Nd\u00ebrmarje e mesme<\/b><\/span><\/span><\/p>\n<\/td>\n<td width=\"152\">\n<p align=\"center\"><span style=\"font-family: Times New Roman, serif;\"><span style=\"font-size: small;\"><b>Nd\u00ebrmarje e madhe<\/b><\/span><\/span><\/p>\n<\/td>\n<\/tr>\n<tr>\n<td width=\"321\">\n<p align=\"center\"><span style=\"font-family: Times New Roman, serif;\"><span style=\"font-size: small;\">Totali I Qarkullimit Neto<\/span><\/span><\/p>\n<\/td>\n<td width=\"126\">\n<p align=\"center\"><span style=\"font-family: Times New Roman, serif;\"><span style=\"font-size: small;\">0 \u2013 700,000.00<\/span><\/span><\/p>\n<\/td>\n<td width=\"206\">\n<p align=\"center\"><span style=\"font-family: Times New Roman, serif;\"><span style=\"font-size: small;\">700,000.01 \u2013 8,000,000.00<\/span><\/span><\/p>\n<\/td>\n<td width=\"224\">\n<p align=\"center\"><span style=\"font-family: Times New Roman, serif;\"><span style=\"font-size: small;\">8,000,000.01 \u2013 40,000,000.00<\/span><\/span><\/p>\n<\/td>\n<td width=\"152\">\n<p align=\"center\">\u00a0<span style=\"font-family: Times New Roman, serif;\"><span style=\"font-size: small;\">Mbi 40,000,000.01<\/span><\/span><\/p>\n<\/td>\n<\/tr>\n<tr>\n<td width=\"321\">\n<p align=\"center\"><span style=\"font-family: Times New Roman, serif;\"><span style=\"font-size: small;\">Totali I Pasuris\u00eb<\/span><\/span><\/p>\n<\/td>\n<td width=\"126\">\n<p align=\"center\"><span style=\"font-family: Times New Roman, serif;\"><span style=\"font-size: small;\">0 \u2013 350,000.00<\/span><\/span><\/p>\n<\/td>\n<td width=\"206\">\n<p align=\"center\"><span style=\"font-family: Times New Roman, serif;\"><span style=\"font-size: small;\">350,000.01 \u2013 4,000,000.00<\/span><\/span><\/p>\n<\/td>\n<td width=\"224\">\n<p align=\"center\"><span style=\"font-family: Times New Roman, serif;\"><span style=\"font-size: small;\">4,000,000.01 \u2013 20,000,000.00<\/span><\/span><\/p>\n<\/td>\n<td width=\"152\">\n<p align=\"center\">\u00a0<span style=\"font-family: Times New Roman, serif;\"><span style=\"font-size: small;\">Mbi 20,000,000.01<\/span><\/span><\/p>\n<\/td>\n<\/tr>\n<tr>\n<td width=\"321\">\n<p align=\"center\"><span style=\"font-family: Times New Roman, serif;\"><span style=\"font-size: small;\">Numri mesatar I t\u00eb pun\u00ebsuarve gjat\u00eb vitit<\/span><\/span><\/p>\n<\/td>\n<td width=\"126\">\n<p align=\"center\"><span style=\"font-family: Times New Roman, serif;\"><span style=\"font-size: small;\">0 \u2013 10<\/span><\/span><\/p>\n<\/td>\n<td width=\"206\">\n<p align=\"center\"><span style=\"font-family: Times New Roman, serif;\"><span style=\"font-size: small;\">10 \u2013 50<\/span><\/span><\/p>\n<\/td>\n<td width=\"224\">\n<p align=\"center\"><span style=\"font-family: Times New Roman, serif;\"><span style=\"font-size: small;\">50 \u2013 250<\/span><\/span><\/p>\n<\/td>\n<td width=\"152\">\n<p align=\"center\">\u00a0 <span style=\"font-family: Times New Roman, serif;\"><span style=\"font-size: small;\">Mbi 250<\/span><\/span><\/p>\n<\/td>\n<\/tr>\n<\/tbody>\n<\/table>\n<p><a name=\"_GoBack\"><\/a> <span style=\"color: #555555;\">\u00a0<\/span><\/p>\n<p>&nbsp;<\/p>\n<p>KUR KA HYR\u00cb N\u00cb FUQI LIGJIT NR. 06\/L-032 P\u00cbR KONTABILITET, RAPORTIM FINANCIAR DHE AUDITIM?<\/p>\n<p>Ligji ka hyr\u00eb n\u00eb fuqi m\u00eb 1 janar 2019 dhe aplikohet p\u00ebr periudh\u00ebn raportuese t\u00eb vitit 2019 e tutje.<\/p>\n<p>CILAT JAN\u00cb OBLIGIMET N\u00cbSE ND\u00cbRMARRJA IME KLASIFIKOHET SI MIKRO ND\u00cbRMARRJE?<\/p>\n<p>N\u00ebse nj\u00eb nd\u00ebrmarrje plot\u00ebson dy nga tre kriteret e listuara n\u00eb tabel\u00ebn\u00a0 m\u00ebsip\u00ebrme, dhe klasifikohet si MIKRO nd\u00ebrmarrje, at\u00ebher\u00eb k\u00ebto jan\u00eb obligimet t\u00eb cilat burojn\u00eb nga Ligji dhe Udh\u00ebzimet Administrative n\u00eb fuqi:<\/p>\n<p>Mikro nd\u00ebrmarrjet ndahen n\u00eb tre klasa:<\/p>\n<p>Klasa I: Qarkullim (t\u00eb hyra) vjetor neto m\u00eb pak se 50,000\u20ac. Klasa II: Qarkullim (t\u00eb hyra) vjetor neto prej 50,000\u20ac deri 300,000\u20ac. Klasa III: Qarkullim (t\u00eb hyra) vjetor neto mbi 300,000\u20ac.<br \/>\n1. Raportimi financiar: Mikro nd\u00ebrmarrjet e klas\u00ebs I p\u00ebrgatisin pasqyr\u00ebn e t\u00eb ardhurave p\u00ebr periudh\u00ebn raportuese sipas parimit t\u00eb paras\u00eb s\u00eb gatshme ose parimit akrual t\u00eb kontabilitetit, n\u00eb var\u00ebsi t\u00eb p\u00ebrzgjedhjes nga vet\u00eb nd\u00ebrmarrja. Mikro nd\u00ebrmarrjet e klas\u00ebs II p\u00ebrgatisin pasqyr\u00ebn e pozit\u00ebs financiare n\u00eb fund t\u00eb periudh\u00ebs raportuese dhe pasqyr\u00ebn e t\u00eb ardhurave sipas parimit akrual t\u00eb kontabilitetit.<\/p>\n<p>Mikro nd\u00ebrmarrjet e klas\u00ebs III, p\u00ebrgatisin pasqyrat financiare vjetore t\u00eb plota n\u00eb pajtueshm\u00ebri me Standardin Nd\u00ebrkomb\u00ebtar\u00eb t\u00eb Raportimit \u00a0Financiar p\u00ebr Nd\u00ebrmarrjet e Vogla dhe Mesme (SNRF p\u00ebr NVM-t\u00eb).<\/p>\n<p>2. N\u00ebnshkrimi i pasqyrave financiare: P\u00ebr klas\u00ebn I, pasqyrat financiare n\u00ebnshkruhen nga drejtori ekzekutiv apo pronari. P\u00ebr klas\u00ebn II, pasqyrat financiare n\u00ebnshkruhen nga drejtori ekzekutiv\/pronari si dhe nga drejtori financiar ose kontabilisti i \u00e7ertifikuar. P\u00ebr klas\u00ebn III, pasqyrat financiare n\u00ebnshkruhen nga drejtori ekzekutiv dhe drejtori financiar, dhe n\u00ebse ky i fundit nuk \u00ebsht\u00eb i \u00e7ertifikuar si kontabilist, at\u00ebher\u00eb pasqyrat financiare n\u00ebnshkruhen edhe nga Kontabilisti i \u00c7ertifikuar.<\/p>\n<p>3. Raportet shtes\u00eb: Pasqyrat financiare t\u00eb mikro nd\u00ebrmarrjeve t\u00eb t\u00eb gjitha klasave duhet t\u00eb shpalosin: a)\u00a0\u00a0\u00a0\u00a0 numrin mesatar t\u00eb t\u00eb pun\u00ebsuarve gjat\u00eb periudh\u00ebs raportuese; b)\u00a0\u00a0\u00a0 totalin e pasurive dhe totalin e detyrimeve n\u00eb dat\u00ebn e fundit t\u00eb periudh\u00ebs raportuese, si dhe c)\u00a0\u00a0\u00a0\u00a0 baz\u00ebn apo parimit mbi t\u00eb cilin jan\u00eb nd\u00ebrtuar pasqyrat financiare.<\/p>\n<p>Mikro nd\u00ebrmarrjet e klas\u00ebs II dhe III, pasqyrave financiare duhet ti bashk\u00ebngjisin edhe\u00a0 deklarat\u00ebn e pajtueshm\u00ebris\u00eb t\u00eb n\u00ebnshkruar nga drejtori ekzekutiv apo pronari dhe zyrtari kryesor financiar apo personi p\u00ebrgjegj\u00ebs p\u00ebr financa, q\u00eb deklarojn\u00eb se ato pasqyra financiare paraqesin pamje te drejt\u00eb dhe t\u00eb v\u00ebrtet n\u00eb pajtueshm\u00ebri me parimet e zbatueshme t\u00eb kontabilitetit.<\/p>\n<p>4. Dor\u00ebzimi i pasqyrave financiare: T\u00eb gjitha mikro nd\u00ebrmarrjet duhet t\u00eb dor\u00ebzojn\u00eb n\u00eb K\u00ebshillin Kosovar p\u00ebr Raportim Financiar (KKRF) pasqyrat vjetore financiare jo m\u00eb von\u00eb se m\u00eb 30 prill t\u00eb vitit vijues. Mikro-nd\u00ebrmarrjet t\u00eb cilat p\u00ebrgatisin pasqyra financiare t\u00eb konsoliduara, afatin p\u00ebr dor\u00ebzim e kan\u00eb jo m\u00eb von\u00eb se m\u00eb 30 qershor t\u00eb vitit vijues.<\/p>\n<p>CILAT JAN\u00cb OBLIGIMET N\u00cbSE ND\u00cbRMARRJA\u00a0\u00a0 IME KLASIFIKOHET SI ND\u00cbRMARRJE E VOG\u00cbL APO E MESME (NVM)?<\/p>\n<p>N\u00ebse nj\u00eb nd\u00ebrmarrje plot\u00ebson dy nga tre kriteret e listuara n\u00eb tabel\u00ebn e m\u00ebsip\u00ebrme, dhe klasifikohet si nd\u00ebrmarrje e VOG\u00cbL apo e MESME, at\u00ebher\u00eb k\u00ebto jan\u00eb obligimet t\u00eb cilat burojn\u00eb nga Ligji dhe Udh\u00ebzimet Administrative n\u00eb fuqi:<\/p>\n<p>\u2022 Raportimi financiar: t\u00eb gjitha NVM-t\u00eb gjat\u00eb p\u00ebrgatitjes s\u00eb pasqyrave financiare duhet t\u00eb zbatojn\u00eb Standardin Nd\u00ebrkomb\u00ebtar\u00eb t\u00eb Raportimit Financiar p\u00ebr Nd\u00ebrmarrjet e Vogla dhe Mesme (SNRF p\u00ebr NVM-t\u00eb).<\/p>\n<p>\u2022 N\u00ebnshkrimi i pasqyrave financiare: Pasqyrat financiare t\u00eb NVM-ve n\u00ebnshkruhen nga drejtori ekzekutiv dhe nga zyrtari kryesor financiar. N\u00ebse drejtori financiar apo zyrtari kryesor financiar nuk \u00ebsht\u00eb i \u00e7ertifikuar si kontabilist, at\u00ebher\u00eb pasqyrat i n\u00ebnshkruan edhe kontabilisti i \u00e7ertifikuar emri i t\u00eb cilit figuron n\u00eb regjistrin publik t\u00eb kontabilist\u00ebve t\u00eb \u00e7ertifikuar t\u00eb publikuar nga Shoqatat e Licencuara t\u00eb Kontabilitetit nga KKRF.<\/p>\n<p>\u2022 Auditimi i pasqyrave financiare: t\u00eb gjitha nd\u00ebrmarrjet e klasifikuara si NVM t\u00eb cilat kan\u00eb qarkullim vjetor neto mbi 4,000,000\u20ac duhet ta angazhojn\u00eb nj\u00eb firm\u00eb t\u00eb auditimit t\u00eb licencuar nga KKRF p\u00ebr t\u00eb kryer auditimin e pasqyrave financiare vjetore.<\/p>\n<p>\u2022 Rishikimi i pasqyrave financiare: t\u00eb gjitha nd\u00ebrmarrjet e klasifikuara si NVM t\u00eb cilat kan\u00eb qarkullim vjetor neto m\u00eb pak se 4,000,000\u20ac duhet ta angazhojn\u00eb nj\u00eb firm\u00eb t\u00eb auditimit apo ndonj\u00eb auditor ligjor t\u00eb licencuar nga KKRF p\u00ebr t\u00eb kryer rishikimin e pasqyrave financiare vjetore.<\/p>\n<p>\u2022 Dor\u00ebzimi i pasqyrave financiare: t\u00eb gjitha nd\u00ebrmarrjet e klasifikuara si NVM duhet t\u00eb dor\u00ebzojn\u00eb pasqyrat financiare t\u00eb audituara apo rishikuara n\u00eb K\u00ebshillin Kosovar p\u00ebr Raportim Financiar (KKRF) jo m\u00eb von\u00eb se 30 prill t\u00eb vitit vijues. N\u00ebse NVM-t\u00eb b\u00ebjn\u00eb konsolidim t\u00eb pasqyrave financiare, at\u00ebher\u00eb kjo dat\u00eb shtyhet deri m\u00eb 30 qershor t\u00eb vitit vijues. Nd\u00ebshkimet p\u00ebr mos dor\u00ebzim me koh\u00eb apo mos dor\u00ebzim fare variojn\u00eb nga 500\u20ac deri n\u00eb 20,000\u20ac.<\/p>\n<p>CILAT JAN\u00cb OBLIGIMET N\u00cbSE ND\u00cbRMARRJA IME KLASIFIKOHET SI ND\u00cbRMARRJE E MADHE?<\/p>\n<p>N\u00ebse nj\u00eb nd\u00ebrmarrje plot\u00ebson dy nga trekriteret e listuara n\u00eb tabel\u00ebn e m\u00ebsip\u00ebrme, dhe klasifikohet si nd\u00ebrmarrje e MADHE, at\u00ebher\u00eb k\u00ebto jan\u00eb obligimet t\u00eb cilat burojn\u00eb nga Ligji dhe Udh\u00ebzimet Administrative n\u00eb fuqi:<\/p>\n<p>\u2022 Raportimi financiar: t\u00eb gjitha nd\u00ebrmarrjet e M\u00cbDHA gjat\u00eb p\u00ebrgatitjes s\u00eb pasqyrave financiare duhet t\u00eb zbatojn\u00eb Standardet Nd\u00ebrkomb\u00ebtare t\u00eb Raportimit Financiar (SNRF\/IFRS) dhe Standardet Nd\u00ebrkomb\u00ebtare t\u00eb Kontabilitetit (SNK\/IAS).<\/p>\n<p>\u2022 N\u00ebnshkrimi i pasqyrave financiare: Pasqyrat financiare t\u00eb nd\u00ebrmarrjeve t\u00eb M\u00cbDHA n\u00ebnshkruhen nga drejtori ekzekutiv dhe nga zyrtari kryesor financiar. N\u00ebse drejtori financiar apo zyrtari kryesor financiar nuk \u00ebsht\u00eb i \u00e7ertifikuar si kontabilist, at\u00ebher\u00eb pasqyrat i n\u00ebnshkruan edhe kontabilisti i \u00e7ertifikuar emri i t\u00eb cilit figuron n\u00eb regjistrin publik t\u00eb kontabilist\u00ebve t\u00eb \u00e7ertifikuar t\u00eb publikuar nga Shoqatat e Licencuara t\u00eb Kontabilitetit nga KKRF.<\/p>\n<p>\u2022 Auditimi i pasqyrave financiare: t\u00eb gjitha nd\u00ebrmarrjet e klasifikuara si t\u00eb M\u00cbDHA duhet t\u00eb angazhojn\u00eb nj\u00eb firm\u00eb t\u00eb auditimit t\u00eb licencuar nga KKRF p\u00ebr t\u00eb kryer auditimin e pasqyrave financiare vjetore.<\/p>\n<p>\u2022 Raportet shtes\u00eb: t\u00eb gjitha nd\u00ebrmarrjet e M\u00cbDHA dhe subjektet me interes publik (SIP) p\u00ebrpos pasqyrave financiare, duhet t\u00eb p\u00ebrgatisin n\u00eb baza vjetore edhe: (a) raportin e menaxhmentit, i cili duhet t\u00eb p\u00ebrmbaj\u00eb nj\u00eb vler\u00ebsim t\u00eb drejt\u00eb t\u00eb zhvillimit dhe performanc\u00ebs s\u00eb nd\u00ebrmarrjes, si dhe pozit\u00ebn e saj, p\u00ebrfshir\u00eb k\u00ebtu edhe rreziqet kryesore dhe pasigurit\u00eb q\u00eb kan\u00eb t\u00eb b\u00ebjn\u00eb me t\u00eb, (b) deklarat\u00ebn e pajtueshm\u00ebris\u00eb t\u00eb n\u00ebnshkruar nga drejtori ekzekutiv dhe zyrtari kryesor financiar, q\u00eb pasqyrat financiare paraqesin pamje t\u00eb drejt\u00eb dhe t\u00eb v\u00ebrtet\u00eb t\u00eb pozit\u00ebs financiare, rezultateve t\u00eb operacioneve, dhe rrjedhave t\u00eb paras\u00eb, dhe q\u00eb pasqyrat financiare jan\u00eb p\u00ebrgatitur n\u00eb pajtim me Ligjin.<\/p>\n<p>\u2022 Dor\u00ebzimi i pasqyrave financiare: t\u00eb gjitha nd\u00ebrmarrjet e klasifikuara si t\u00eb M\u00cbDHA duhet t\u00eb dor\u00ebzojn\u00eb p\u00ebr publikim pasqyrat financiare t\u00eb audituara n\u00eb K\u00ebshillin Kosovar p\u00ebr Raportim Financair (KKRF) jo m\u00eb von\u00eb se 30 prill t\u00eb vitit vijues. N\u00ebse nd\u00ebrmarrjet e M\u00cbDHA b\u00ebjn\u00eb konsolidim t\u00eb pasqyrave financiare, at\u00ebher\u00eb kjo dat\u00eb shtyhet deri m\u00eb 30 qershor t\u00eb vitit vijues. Nd\u00ebshkimet p\u00ebr mos dor\u00ebzim me koh\u00eb apo mos dor\u00ebzim fare p\u00ebr k\u00ebt\u00eb kategori t\u00eb nd\u00ebrmarrjeve, variojn\u00eb nga 1,000\u20ac deri n\u00eb 20,000\u20ac.<\/p>\n<p>UN\u00cb JAM NJ\u00cb NVM, KU MUND T\u00cb GJEJ LIST\u00cbN E KONTABILIST\u00cbVE T\u00cb \u00c7ERTIFIKUAR?<\/p>\n<p>www.scaak.org<br \/>\nwww.ikag.org<br \/>\nwww.aab-edu.net<\/p>\n<p>KONTABILISTI I \u00c7ERTIFIKUAR A DUHET T\u00cb JET\u00cb I PUN\u00cbSUAR ME ORAR T\u00cb RREGULLT APO MUND T\u00cbKONTRAKTOHET VET\u00cbM P\u00cbR OFRIMIN E SH\u00cbRBIMEVE T\u00cb P\u00cbRGATITJES DHE N\u00cbNSHKRIMIT T\u00cb PASQYRAVE FINANCIARE?<\/p>\n<p>Legjislacioni aktual n\u00eb fuqi nuk obligon nd\u00ebrmarrjet q\u00eb t\u00eb \u00a0ken\u00eb t\u00eb pun\u00ebsuar me orar t\u00eb rregullt kontabilist\u00ebt e \u00e7ertifikuar. Nd\u00ebrmarrjet jan\u00eb t\u00eb lira t\u00eb kontraktojn\u00eb sh\u00ebrbimet e p\u00ebrgatitjes dhe n\u00ebnshkrimit t\u00eb pasqyrave financiare nga kontabilist\u00ebt e \u00e7ertifikuar t\u00eb cil\u00ebt figurojn\u00eb n\u00eb regjistrin publik t\u00eb kontabilist\u00ebve.[\/vc_column_text][\/vc_column][\/vc_row]<\/p>\n","protected":false},"excerpt":{"rendered":"<p>[vc_row full_width=&#8221;stretch_row&#8221; parallax=&#8221;content-moving&#8221; parallax_image=&#8221;54&#8243; css=&#8221;.vc_custom_1489225026310{padding-top: 128px !important;padding-bottom: 128px !important;}&#8221;][vc_column][vc_custom_heading text=&#8221;Auditimi&#8221; font_container=&#8221;tag:h1|text_align:center&#8221; use_theme_fonts=&#8221;yes&#8221; css=&#8221;.vc_custom_1617726688598{margin-bottom: 0px !important;}&#8221;][\/vc_column][\/vc_row][vc_row css=&#8221;.vc_custom_1488777218947{padding-top: 25px !important;padding-bottom: 60px !important;}&#8221;][vc_column][vc_column_text css=&#8221;.vc_custom_1617726782172{margin-top: 30px !important;}&#8221;]N\u00ebnshkrimi i pasqyrave financiare SI KLASIFIKOHEN ND\u00cbRMARRJET SIPAS LIGJIT T\u00cb RI P\u00cbR KONTABILITET, RAPORTIM FINANCIAR DHE AUDITIM? T\u00eb gjitha nd\u00ebrmarrjet n\u00eb Kosov\u00eb klasifikohen si nd\u00ebrmarrje mikro, t\u00eb vogla, t\u00eb mesme apo t\u00eb m\u00ebdha, [&hellip;]<\/p>\n","protected":false},"author":1,"featured_media":0,"parent":0,"menu_order":0,"comment_status":"closed","ping_status":"closed","template":"","meta":{"footnotes":""},"class_list":["post-694","page","type-page","status-publish","hentry"],"_links":{"self":[{"href":"https:\/\/alfas-ks.com\/index.php\/wp-json\/wp\/v2\/pages\/694","targetHints":{"allow":["GET"]}}],"collection":[{"href":"https:\/\/alfas-ks.com\/index.php\/wp-json\/wp\/v2\/pages"}],"about":[{"href":"https:\/\/alfas-ks.com\/index.php\/wp-json\/wp\/v2\/types\/page"}],"author":[{"embeddable":true,"href":"https:\/\/alfas-ks.com\/index.php\/wp-json\/wp\/v2\/users\/1"}],"replies":[{"embeddable":true,"href":"https:\/\/alfas-ks.com\/index.php\/wp-json\/wp\/v2\/comments?post=694"}],"version-history":[{"count":2,"href":"https:\/\/alfas-ks.com\/index.php\/wp-json\/wp\/v2\/pages\/694\/revisions"}],"predecessor-version":[{"id":700,"href":"https:\/\/alfas-ks.com\/index.php\/wp-json\/wp\/v2\/pages\/694\/revisions\/700"}],"wp:attachment":[{"href":"https:\/\/alfas-ks.com\/index.php\/wp-json\/wp\/v2\/media?parent=694"}],"curies":[{"name":"wp","href":"https:\/\/api.w.org\/{rel}","templated":true}]}}