{"id":89,"date":"2017-03-03T21:15:53","date_gmt":"2017-03-03T21:15:53","guid":{"rendered":"http:\/\/sw-themes.com\/porto_dummy\/?page_id=89"},"modified":"2021-04-07T14:16:38","modified_gmt":"2021-04-07T12:16:38","slug":"rreth-nesh","status":"publish","type":"page","link":"https:\/\/alfas-ks.com\/index.php\/rreth-nesh\/","title":{"rendered":"Rreth Nesh"},"content":{"rendered":"<p>[vc_row full_width=&#8221;stretch_row&#8221; parallax=&#8221;content-moving&#8221; parallax_image=&#8221;54&#8243; css=&#8221;.vc_custom_1489225026310{padding-top: 128px !important;padding-bottom: 128px !important;}&#8221;][vc_column][vc_custom_heading text=&#8221;Rreth Nesh&#8221; font_container=&#8221;tag:h1|text_align:center&#8221; use_theme_fonts=&#8221;yes&#8221; css=&#8221;.vc_custom_1617725436638{margin-bottom: 0px !important;}&#8221;][\/vc_column][\/vc_row][vc_row css=&#8221;.vc_custom_1488777218947{padding-top: 25px !important;padding-bottom: 60px !important;}&#8221;][vc_column][vc_column_text css=&#8221;.vc_custom_1617727004828{margin-top: 30px !important;}&#8221;]ALFAS Kontabilitet &amp; Auditim ShPK \u00ebsht\u00eb nj\u00eb kompani e shkenc\u00ebs q\u00eb regjistron, klasifikon, p\u00ebrmbledh dhe analizon transaksionet financiare dhe ngjarjet e t\u00eb gjitha organizatave t\u00eb p\u00ebrfshira n\u00eb veprimtari ekonomike, interpreton dhe analizon rezultatet.<\/p>\n<p>Sh\u00ebrbimi yn\u00eb kontabilitetit p\u00ebrb\u00ebhet nga nj\u00eb sistem informacionesh q\u00eb ofron informacion q\u00eb do t\u00eb shpjegoj\u00eb formimin e pasurive dhe burimeve t\u00eb nd\u00ebrmarrjeve, m\u00ebnyr\u00ebn e p\u00ebrdorimit t\u00eb tyre, ndryshimet n\u00eb k\u00ebto pasuri dhe burime si rezultat i operacioneve t\u00eb kryera nga nd\u00ebrmarrjet dhe situat\u00ebn financiare t\u00eb nd\u00ebrmarrjeve dhe ia transmeton k\u00ebt\u00eb informacion personave dhe institucioneve p\u00ebrkat\u00ebse. Kontabiliteti zbatohet jo vet\u00ebm p\u00ebr bizneset e krijuara p\u00ebr p\u00ebrfitim, por edhe p\u00ebr t\u00eb gjitha organizatat jofitimprur\u00ebse q\u00eb sh\u00ebrbejn\u00eb p\u00ebr t\u00eb mir\u00ebn e shoq\u00ebris\u00eb. Prandaj, kur quhen biznese, ato p\u00ebrfshijn\u00eb t\u00eb gjitha organizatat. Por n\u00eb p\u00ebrgjith\u00ebsi, sistemi i kontabilitetit \u00ebsht\u00eb edhe m\u00eb i r\u00ebnd\u00ebsish\u00ebm p\u00ebr bizneset e orientuara drejt fitimit.<br \/>\nSh\u00ebrbimet e kompanis\u00eb ALFAS Kontabilitet &amp; Auditim ShPK jan\u00eb si m\u00eb posht\u00eb :<\/p>\n<p><strong>Auditimi i Pasqyrave Financiare<\/strong><br \/>\n\u00cbsht\u00eb procesi sistematizuar I mbledhjes dhe krijimit t\u00eb argumenteve mbi veprimtarin ekonomike dhe rezultates me q\u00ebllim q\u00eb t\u00eb konstatohet baraspesha n\u00eb mes t\u00eb raporteve t\u00eb afarizmit dhe kritereve m\u00eb pare t\u00eb parashtruara dhe kjo tu d\u00ebrgohet shfryt\u00ebzuesve t\u00eb interesuar. Poashtu procedure e t\u00eb v\u00ebrtetuarit dhe vler\u00ebsimit t\u00eb raportove financiare dhe konsolidimit t\u00eb raporteve financiare t\u00eb obliguesve t\u00eb auditimit t\u00eb argumenteve dhe metodave t\u00eb cilat zbatohen me rastin e p\u00ebrpilimit t\u00eb raporteve financiare, n\u00eb baz\u00eb t\u00eb t\u00eb cilave jepet mendimi professional dhe I pavarur mbi gjendjen reale dhe objektive financiare, rezultateve financiare dhe rrjedh\u00ebs s\u00eb paras\u00eb.<\/p>\n<p><strong>Taksat Tatimore<\/strong><br \/>\nALFAS jep nj\u00eb qasje holistike dhe t\u00eb koordinuar p\u00ebr \u00e7\u00ebshtjet komplekse t\u00eb taksave. Specialist\u00ebt e \u00e7\u00ebshtjeve t\u00eb industris\u00eb dhe industris\u00eb do t\u2019ju ndihmojn\u00eb n\u00eb sfidat tuaja globale t\u00eb taksave dhe do t\u2019ju ndihmojn\u00eb t\u00eb transformoni departamentin tuaj t\u00eb taksave dhe t\u00eb krijoni ndikim m\u00eb t\u00eb madh p\u00ebr organizat\u00ebn tuaj.<\/p>\n<p><strong>Taksat nd\u00ebrkomb\u00ebtare<\/strong><br \/>\nTaksa nd\u00ebrkomb\u00ebtare \u00ebsht\u00eb komplekse dhe k\u00ebrkuese se kurr\u00eb m\u00eb par\u00eb. Ekipi yn\u00eb i Taksave Shum\u00ebkomb\u00ebshe n\u00eb ALFAS p\u00ebrpiqet t\u00eb ofroj\u00eb qasje t\u00eb integruara t\u00eb taksave q\u00eb p\u00ebrputhen me objektivat e p\u00ebrgjithshme t\u00eb biznesit t\u00eb nj\u00eb klienti.<\/p>\n<p><strong>Sh\u00ebrbimet Globale t\u00eb Pun\u00ebdh\u00ebn\u00ebsit<\/strong><br \/>\nVendi i pun\u00ebs vazhdon t\u00eb ndryshoj\u00eb dhe ne e gjejm\u00eb veten n\u00eb nj\u00eb territor t\u00eb paeksploruar, organizatat duhet t\u00eb marrin nj\u00eb v\u00ebshtrim t\u00eb ri n\u00eb programet e tyre t\u00eb l\u00ebvizjes globale, talentin dhe shp\u00ebrblimet. ALFAS mund t\u2019ju ndihmoj\u00eb t\u00eb shihni se \u00e7far\u00eb \u00ebsht\u00eb e mundur dhe t\u00eb lundroni n\u00eb sfidat e biznesit dhe pajtueshm\u00ebris\u00eb n\u00eb k\u00ebt\u00eb bot\u00eb t\u00eb p\u00ebrhershme.<\/p>\n<p><strong>Auditimi i inovacionit<\/strong><br \/>\nDixhital, dinamik dhe n\u00eb \u201ccloud\u201d teknologji. Qasja e fokusuar e ALFAS sjell teknologji t\u00eb klasit bot\u00ebror t\u00eb auditimit, nj\u00eb metodologji fleksib\u00ebl dhe mendje t\u00eb ndritshme p\u00ebr t\u00eb ofruar nj\u00eb auditim dixhital me cil\u00ebsi t\u00eb lart\u00eb duke ulur barr\u00ebn p\u00ebr ekipin tuaj dhe duke zbuluar njohurit\u00eb.<\/p>\n<p><strong>Standardet e kontabilitetit<\/strong><br \/>\nNdryshimet n\u00eb standardet e kontabilitetit financiar dhe k\u00ebrkesat e reja rregullatore mund t\u00eb ken\u00eb nj\u00eb ndikim t\u00eb madh n\u00eb bizneset. Vazhdoni me zhvillimet e fundit n\u00eb njohjen e t\u00eb ardhurave, kontabilitetin e qiras\u00eb, kontabilitetin mbrojt\u00ebs, humbjet aktuale t\u00eb pritshme t\u00eb kredis\u00eb (CECL), dhe m\u00eb shum\u00eb.<\/p>\n<p><strong>Ngjarjet dhe transakcionet e kontabilitetit<\/strong><br \/>\nEkploroni k\u00ebrkimet, trended dhe udh\u00ebzimet m\u00eb t\u00eb fundit rreth ngjarjeve t\u00eb kontabilitetit dhe transakcioneve t\u00eb biznesit. Merrni njohuri p\u00ebr c\u00ebshtjet q\u00eb lindin nga ngjarjet apo transakcionet kryesore t\u00eb kontabilitetit t\u00eb tilla si nj\u00eb ofert\u00eb fillestare publike, bashkimi, blerja, zhvendosja, nd\u00ebrmarrja e p\u00ebrbashk\u00ebt dhe m\u00eb shum\u00eb.[\/vc_column_text][vc_row_inner css=&#8221;.vc_custom_1488889871629{padding-top: 50px !important;padding-right: 20px !important;padding-left: 20px !important;}&#8221; el_class=&#8221;counter-width custom-sm-margin-bottom-1&#8243;][vc_column_inner width=&#8221;1\/3&#8243;]<div class=\"stats-block stats-top  text-color-light font-weight-normal  vc_custom_1488635154393\"><div class=\"stats-desc\"><div id=\"counter_43515615469f2280b1c99f\" data-id=\"counter_43515615469f2280b1c99f\" class=\"stats-number\" style=\" font-size:50px;line-height:50px;color:#6a80a9;\" data-speed=\"3\" data-counter-value=\"18\" data-separator=\",\" data-decimal=\".\">0<\/div><div class=\"stats-text\" style=\"font-size:15px;line-height:15px;color:#6a80a9;\">Years in Business<\/div><\/div><\/div>[\/vc_column_inner][vc_column_inner width=&#8221;1\/3&#8243;]<div class=\"stats-block stats-top   vc_custom_1488635433835\"><div class=\"stats-desc\"><div id=\"counter_56291497169f2280b1cb2a\" data-id=\"counter_56291497169f2280b1cb2a\" class=\"stats-number\" style=\" font-size:50px;line-height:50px;color:#6a80a9;\" data-speed=\"3\" data-counter-value=\"200\" data-separator=\",\" data-decimal=\".\">0<\/div><div class=\"counter_suffix mycust\" style=\" color:#6a80a9\">+<\/div><div class=\"stats-text\" style=\"font-size:15px;line-height:15px;color:#6a80a9;\">Clients and Partners<\/div><\/div><\/div>[\/vc_column_inner][vc_column_inner el_class=&#8221;.custom-sm-margin-bottom-1&#8243; width=&#8221;1\/3&#8243;]<div class=\"stats-block stats-top   vc_custom_1488635451118\"><div class=\"stats-desc\"><div class=\"counter_prefix mycust\" style=\" color:#6a80a9\">$<\/div><div id=\"counter_116494963769f2280b1cc84\" data-id=\"counter_116494963769f2280b1cc84\" class=\"stats-number\" style=\" font-size:50px;line-height:50px;color:#6a80a9;\" data-speed=\"3\" data-counter-value=\"15\" data-separator=\",\" data-decimal=\".\">0<\/div><div class=\"stats-text\" style=\"font-size:15px;line-height:15px;color:#6a80a9;\">Billion invested<\/div><\/div><\/div>[\/vc_column_inner][\/vc_row_inner][\/vc_column][\/vc_row][vc_row full_width=&#8221;stretch_row&#8221; css=&#8221;.vc_custom_1488887722850{padding-top: 60px !important;padding-bottom: 45px !important;background-color: #6a80a9 !important;}&#8221;][vc_column width=&#8221;1\/2&#8243;]<div class=\"porto-sicon-box  vc_custom_1506679081352 style_1 left-icon\"><div class=\"porto-sicon-left\"><div id=\"porto-icon-106600673869f2280b1f46b\" class=\"porto-just-icon-wrapper\" style=\"text-align:center;\"><div class=\"porto-sicon-img \" style=\"display:inline-block;font-size: 45px;\"><img loading=\"lazy\" decoding=\"async\" class=\"img-icon\" alt=\"\" src=\"https:\/\/alfas-ks.com\/wp-content\/uploads\/2017\/03\/custom-icon-1-1.png\" width=\"45\" height=\"47\" \/><\/div><\/div><\/div><div class=\"porto-sicon-body\"><div class=\"porto-sicon-header\"><h3 class=\"porto-sicon-title\" style=\"font-weight:700;font-size:25px;line-height:27px;color:#ffffff;\">OUR VISION<\/h3><\/div> <!-- header --><div class=\"porto-sicon-description\" style=\"font-size:16px;line-height:24px;color:#d9e0ef;\"><span style=\"font-size: 16px;\">Major Views<\/span><\/div> <!-- description --><\/div><\/div><!-- porto-sicon-box -->[vc_column_text]<span style=\"color: #d9e0e5;\">Lorem ipsum dolor sit amet, consectetur adipisicing elit. Asperiores nobis dolorum sint! Dolorem aperiam voluptatum doloribus nulla quo libero? At, asperiores, fuga! Minus quo ad nam cupiditate quis natus, ut tempore, culpa sunt?<\/span>[\/vc_column_text][\/vc_column][vc_column width=&#8221;1\/2&#8243;]<div class=\"porto-sicon-box  vc_custom_1506679092051 style_1 left-icon\"><div class=\"porto-sicon-left\"><div id=\"porto-icon-196314022569f2280b2211e\" class=\"porto-just-icon-wrapper\" style=\"text-align:center;\"><div class=\"porto-sicon-img \" style=\"display:inline-block;font-size: 45px;\"><img loading=\"lazy\" decoding=\"async\" class=\"img-icon\" alt=\"\" src=\"https:\/\/alfas-ks.com\/wp-content\/uploads\/2017\/03\/custom-icon-2-1.png\" width=\"45\" height=\"47\" \/><\/div><\/div><\/div><div class=\"porto-sicon-body\"><div class=\"porto-sicon-header\"><h3 class=\"porto-sicon-title\" style=\"font-weight:700;font-size:25px;line-height:27px;color:#ffffff;\">OUR MISSION<\/h3><\/div> <!-- header --><div class=\"porto-sicon-description\" style=\"font-size:16px;line-height:24px;color:#d9e0ef;\"><span style=\"font-size: 16px;\">Our Aims<\/span><\/div> <!-- description --><\/div><\/div><!-- porto-sicon-box -->[vc_column_text]<span style=\"color: #d9e0e5;\">Lorem ipsum dolor sit amet, consectetur adipisicing elit. Asperiores nobis dolorum sint! Dolorem aperiam voluptatum doloribus nulla quo libero? At, asperiores, fuga! Minus quo ad nam cupiditate quis natus, ut tempore, culpa sunt?<\/span>[\/vc_column_text][\/vc_column][\/vc_row][vc_row css=&#8221;.vc_custom_1488788522732{padding-top: 25px !important;padding-bottom: 25px !important;}&#8221; el_id=&#8221;ourhistory&#8221;][vc_column offset=&#8221;vc_col-md-6&#8243;]<div class=\"porto-u-heading\" data-hspacer=\"no_spacer\" data-halign=\"left\" style=\"text-align:left\"><div class=\"porto-u-main-heading\"><h2 style=\"font-weight:bold;color:#2e353e;line-height:27px;\">OUR HISTORY<\/h2><\/div><div class=\"porto-u-sub-heading\" style=\"color: #2e353e;font-size:16px;\">Our Way of Success<\/div><\/div>[vc_column_text css=&#8221;.vc_custom_1488660396039{margin-top: 30px !important;}&#8221;]<span style=\"color: #818898;\">Lorem ipsum dolor sit amet, consectetur adipisicing elit. Praesentium iste necessitatibus velit eum quis, dignissimos modi atque libero magni, explicabo nihil illo soluta accusantium suscipit, nobis maiores deleniti mollitia, quod id nam assumenda ducimus.<\/span>[\/vc_column_text]<div class=\"timeline-balloon p-b-lg m-b-sm  cs-timeline\"><div class=\"balloon-cell balloon-time\"><span style=\"color:#6a80a9 !important\" class=\"time-text text-color-dark font-weight-bold font-size-sm\">2001<\/span><div class=\"time-dot background-color-light\"><\/div><\/div><div class=\"balloon-cell\"><div class=\"balloon-content background-color-light\"><span class=\"balloon-arrow background-color-light\"><\/span><div class=\"balloon-description\"><h5 style=\"color:#2e353e !important\" class=\"text-color-dark font-weight-bold p-t-xs m-none\">Company formed<\/h5><p class=\"font-weight-normal m-t-sm m-b-xs\">Lorem ipsum dolor sit amet, consectetur adipisicing elit. Corporis, rem labore facere. Veritatis enim laborum facilis minima, illo ratione?<\/p><\/div><\/div><\/div><\/div><div class=\"timeline-balloon p-b-lg m-b-sm  cs-timeline\"><div class=\"balloon-cell balloon-time\"><span style=\"color:#6a80a9 !important\" class=\"time-text text-color-dark font-weight-bold font-size-sm\">2005<\/span><div class=\"time-dot background-color-light\"><\/div><\/div><div class=\"balloon-cell\"><div class=\"balloon-content background-color-light\"><span class=\"balloon-arrow background-color-light\"><\/span><div class=\"balloon-description\"><h5 style=\"color:#2e353e !important\" class=\"text-color-dark font-weight-bold p-t-xs m-none\">Suspendisse tincidunt nibh.<\/h5><p class=\"font-weight-normal m-t-sm m-b-xs\">Lorem ipsum dolor sit amet, consectetur adipisicing elit. Ad cum eos quas, explicabo, possimus harum optio consequuntur quod veniam.<\/p><\/div><\/div><\/div><\/div><div class=\"timeline-balloon p-b-lg m-b-sm  cs-timeline\"><div class=\"balloon-cell balloon-time\"><span style=\"color:#6a80a9 !important\" class=\"time-text text-color-dark font-weight-bold font-size-sm\">2017<\/span><div class=\"time-dot background-color-light\"><\/div><\/div><div class=\"balloon-cell\"><div class=\"balloon-content background-color-light\"><span class=\"balloon-arrow background-color-light\"><\/span><div class=\"balloon-description\"><h5 style=\"color:#2e353e !important\" class=\"text-color-dark font-weight-bold p-t-xs m-none\">Awards and 300 empolyees<\/h5><p class=\"font-weight-normal m-t-sm m-b-xs\">Lorem ipsum dolor sit amet, consectetur adipisicing elit. Vero, molestias numquam culpa, eligendi debitis dicta, hic delectus obcaecati accusantium quaerat magni explicabo et dolorem mollitia cumque sint deserunt. Labore vel magnam quasi.<\/p><\/div><\/div><\/div><\/div>[\/vc_column][vc_column offset=&#8221;vc_col-md-6&#8243;][vc_single_image image=&#8221;25&#8243; img_size=&#8221;full&#8221; alignment=&#8221;center&#8221;][\/vc_column][\/vc_row]<\/p>\n","protected":false},"excerpt":{"rendered":"<p>[vc_row full_width=&#8221;stretch_row&#8221; parallax=&#8221;content-moving&#8221; parallax_image=&#8221;54&#8243; css=&#8221;.vc_custom_1489225026310{padding-top: 128px !important;padding-bottom: 128px !important;}&#8221;][vc_column][vc_custom_heading text=&#8221;Rreth Nesh&#8221; font_container=&#8221;tag:h1|text_align:center&#8221; use_theme_fonts=&#8221;yes&#8221; css=&#8221;.vc_custom_1617725436638{margin-bottom: 0px !important;}&#8221;][\/vc_column][\/vc_row][vc_row css=&#8221;.vc_custom_1488777218947{padding-top: 25px !important;padding-bottom: 60px !important;}&#8221;][vc_column][vc_column_text css=&#8221;.vc_custom_1617727004828{margin-top: 30px !important;}&#8221;]ALFAS Kontabilitet &amp; Auditim ShPK \u00ebsht\u00eb nj\u00eb kompani e shkenc\u00ebs q\u00eb regjistron, klasifikon, p\u00ebrmbledh dhe analizon transaksionet financiare dhe ngjarjet e t\u00eb gjitha organizatave t\u00eb p\u00ebrfshira n\u00eb veprimtari ekonomike, interpreton dhe analizon [&hellip;]<\/p>\n","protected":false},"author":1,"featured_media":0,"parent":0,"menu_order":0,"comment_status":"closed","ping_status":"closed","template":"","meta":{"footnotes":""},"class_list":["post-89","page","type-page","status-publish","hentry"],"_links":{"self":[{"href":"https:\/\/alfas-ks.com\/index.php\/wp-json\/wp\/v2\/pages\/89","targetHints":{"allow":["GET"]}}],"collection":[{"href":"https:\/\/alfas-ks.com\/index.php\/wp-json\/wp\/v2\/pages"}],"about":[{"href":"https:\/\/alfas-ks.com\/index.php\/wp-json\/wp\/v2\/types\/page"}],"author":[{"embeddable":true,"href":"https:\/\/alfas-ks.com\/index.php\/wp-json\/wp\/v2\/users\/1"}],"replies":[{"embeddable":true,"href":"https:\/\/alfas-ks.com\/index.php\/wp-json\/wp\/v2\/comments?post=89"}],"version-history":[{"count":5,"href":"https:\/\/alfas-ks.com\/index.php\/wp-json\/wp\/v2\/pages\/89\/revisions"}],"predecessor-version":[{"id":747,"href":"https:\/\/alfas-ks.com\/index.php\/wp-json\/wp\/v2\/pages\/89\/revisions\/747"}],"wp:attachment":[{"href":"https:\/\/alfas-ks.com\/index.php\/wp-json\/wp\/v2\/media?parent=89"}],"curies":[{"name":"wp","href":"https:\/\/api.w.org\/{rel}","templated":true}]}}